28*d. Let r be j(13). Suppose -13*c + 16*c - r = 0. What is the greatest common divisor of c and 16?
16
Let b(p) = p**2 - 6*p - 25. Let g be b(10). Let x be (-144)/(-10) - 6/g. Calculate the highest common factor of x and 35.
7
Let p = -3949 - -4929. Calculate the greatest common factor of p and 112.
28
Let n(u) = 42*u - 63. Let q be n(7). Suppose 0 = -12*x + q + 345. What is the greatest common factor of 54 and x?
6
Let j(w) = -71*w + 2416. Let q be j(-122). What is the highest common divisor of 87 and q?
29
Let c(p) = -24 - p**2 + 80 - 47 + 24*p. Let t be c(7). What is the greatest common divisor of t and 40?
8
Suppose a + 2*a + 2*u = 156, 0 = -5*a + u + 260. Suppose -13*c = -26 - a. Calculate the highest common factor of c and 48.
6
Suppose 12 = -0*c - 3*c, 5*k - 2*c = 1568. Suppose 10*t - 7*t = k. What is the greatest common divisor of 78 and t?
26
Suppose 53*c = 237 + 2307. Let k be (9/2)/(-2 - (-97)/c). Calculate the greatest common divisor of 72 and k.
72
Suppose -l + 6 = v, 2*l - 3 = v - 6. Suppose 2043 = v*o + 713. Calculate the highest common divisor of o and 38.
38
Let r = 6 - 4. Let v(a) = 13*a. Let k(o) = -9*o. Let y(u) = -8*k(u) - 5*v(u). Let t be y(r). What is the greatest common divisor of 98 and t?
14
Let n(o) = o**3 + 19*o**2 + 3*o + 19. Let y be n(0). What is the greatest common factor of y and 25?
1
Suppose -3*h = 3*u - 2*h - 225, 85 = u - 3*h. Let y = 89 - 61. Suppose -4*p = y - u. What is the greatest common divisor of p and 132?
12
Suppose 88 = 4*m - 0*m. Let r be (-2)/3*(-5 - m). Suppose 4*x + 88 = 3*u, -2*u + 9*x - 5*x = -52. What is the greatest common factor of r and u?
18
Let u(y) = 7*y**2 + 605*y - 196. Let n be u(-88). What is the highest common divisor of 16 and n?
4
Let t = 53 + -92. Let p = t + 69. What is the greatest common divisor of 48 and p?
6
Let t = -149 + 153. Suppose t*k - 5*s = 18, 0*k - 4*k = -s - 10. What is the greatest common factor of k and 18?
2
Suppose 38*y = 29001 - 425. Calculate the highest common divisor of y and 112.
16
Suppose -2594 - 8670 = -j - 15*j. Let p(a) = a**3 - 10*a**2 - 3*a. Let q be p(11). Calculate the highest common divisor of q and j.
88
Suppose 23*t - 26*t = 2*c - 3307, -27*t - 1853 = -c. What is the greatest common factor of 52 and c?
52
Let f = 20289 + -20089. What is the greatest common divisor of f and 52600?
200
Let t(c) = 25*c + 178. Let z be t(-23). Let o = z - -597. What is the highest common factor of 25 and o?
25
Let f = -12328 + 12448. What is the highest common factor of f and 680?
40
Let g be ((-19 - -14) + 16)/(1 + 0). Calculate the highest common divisor of g and 5.
1
Let h = -79 + 73. Let b = 56 + h. Calculate the greatest common divisor of 40 and b.
10
Let q = -198 - -487. Suppose 282*z + 1372 = q*z. What is the highest common divisor of 140 and z?
28
Let b(t) = 99*t + 15786. Let u be b(-136). Calculate the highest common factor of u and 378.
54
Suppose 2*r = y + 2 - 42, 4*r = -20. Let t(w) = -w**2 - w - 34. Let u be t(-5). Let v = 57 + u. Calculate the highest common divisor of v and y.
3
Let g = -42 + 78. Suppose 562*f = 28176 - 7944. What is the greatest common divisor of f and g?
36
Suppose 2*i - 9524*a + 9521*a - 15250 = 0, 4*i + 2*a = 30452. Calculate the greatest common divisor of 196 and i.
28
Suppose -148*y = -34716 + 6744. What is the highest common divisor of y and 147?
21
Let x(y) = 2*y**2 + 17 - 23*y + 0*y - 4*y. Let z be x(13). Suppose -3*j - z*o + 15 = -77, 0 = -5*j - 2*o + 144. Calculate the highest common factor of j and 28.
28
Let m = -153 - -160. Suppose 2*p + 3*p = 0. Let u be p + 4 + (7 - 4). What is the greatest common divisor of u and m?
7
Let m(o) = -35*o + 10. Let n be m(-6). Calculate the highest common factor of n and 110.
110
Let q(n) = n**3 + 33*n**2 + 68*n + 39. Let u be q(-31). Let f = 252 + u. Calculate the greatest common factor of 15 and f.
15
Suppose 2*x + 4*q = 260, 33*q - 38*q + 393 = 3*x. Calculate the highest common factor of x and 12104.
136
Let m be 23*199 + (-6 - -10) + 11. What is the greatest common factor of 820 and m?
164
Suppose 0 = 4*q - 8, q - 12 = -k + 2. Let z be ((4 + 2)*-4)/(2/(-11)). Calculate the greatest common divisor of z and k.
12
Let u(o) = o**2 - o - 71. Let t be u(-9). Calculate the greatest common factor of t and 57.
19
Suppose r + 4 = -4*c + 12, -5*r = 2*c - 4. Let a be (5 - 2)*(c/2 - -2). Suppose -8*d - 19 = -a*d. What is the greatest common factor of d and 19?
19
Let u be ((-5)/(-30)*-16)/((-2734)/(-684) + -4). Calculate the highest common factor of 32 and u.
16
Let p = 91 - 105. Let u be 4/p - (-3 + 395/(-35)). Let f = -11 + 39. Calculate the highest common divisor of f and u.
14
Let v(d) = d - 9. Let t be v(15). Suppose -32 = 4*b + t*q - 4*q, 4*b + 3*q = -30. Let l be (92/(-6))/(6/b). What is the greatest common divisor of l and 184?
23
Let f = 329 - 329. Suppose 0*p - 21*p + 63 = f. What is the highest common divisor of 3 and p?
3
Let u be (8 + 888/60)*(2 + (-64)/(-3)). Calculate the greatest common divisor of u and 224.
28
Let g be 5256/(-1533)*((-22)/4 - -2). Calculate the greatest common factor of g and 3936.
12
Suppose 2*r + 865 = 3*q + 269, -4*r - 212 = -q. What is the greatest common divisor of 147 and q?
49
Let n = 419 + -416. Suppose -n*x = 3*x - 396. What is the greatest common factor of 77 and x?
11
Suppose 2*u + 4*v - 24 = u, -3*v = 6. Let n be (4/(-10))/(-1)*80. Calculate the highest common factor of n and u.
32
Let v be 7/(21/(-6))*-1. Suppose 9*g + 192 = -5*w + 7*g, -4*w = -5*g + 180. Let y be (72/w)/((-9)/30). What is the highest common factor of y and v?
2
Let i = 1239 + -1227. Calculate the greatest common divisor of 16 and i.
4
Suppose -6*s - 10 = -s, -r = 2*s + 23. Let i be r/(-2)*(-6)/(-3). Let a be 4*((-36)/(-6) - 5/(60/(-441))). Calculate the greatest common divisor of a and i.
19
Suppose 5*x - 380 = 5*t, -3*x - t + 148 = -76. Suppose -35*p = -37*p - 204. Let b = -52 - p. What is the greatest common factor of b and x?
25
Let g be 108/(-15)*4810/(-296). What is the greatest common factor of g and 63?
9
Suppose 2*z + 35 + 27 = 0. Suppose 0 = -15*v + 4*v - 176. Let g = v - z. Calculate the greatest common factor of 75 and g.
15
Let c = -4705 + 4715. Let k be (-1 - -3 - -291) + -3. What is the highest common divisor of c and k?
10
Let j(r) = -25*r**2 - 7*r + 64. Let i be j(-8). Let o be ((-36)/2)/(10/i*8). Calculate the greatest common factor of o and 74.
37
Suppose 2*n + 5*l + 1266 = -n, -4*l + 12 = 0. Let u = 747 + n. Suppose -4*x = 4*m - 264, -5*m + 9*x = 4*x - u. What is the highest common factor of m and 26?
13
Suppose -2*d = 0, -19*w + 20*w - 5*d - 155 = 17. Calculate the highest common divisor of w and 3698.
86
Let t = -3218 + 3448. Calculate the highest common divisor of t and 180.
10
Let v = -3298 + 3316. Calculate the highest common divisor of 36 and v.
18
Let m(t) = -t**3 + 2*t**2 + t + 2. Let b be m(0). Suppose -b*g + 99 = g. Suppose -v - 6 + 138 = 0. What is the highest common factor of g and v?
33
Let r(l) = 7*l + 35. Let d = 83 + -86. Let t(p) = 7*p + 37. Let f(w) = d*t(w) + 2*r(w). Let m be f(-17). What is the greatest common divisor of m and 26?
26
Let c = 26 - 67. Let m = c - -59. Let r be (18/15)/(m/660). Calculate the greatest common divisor of r and 22.
22
Suppose -297*n + 52*n + 2521050 = 0. Calculate the greatest common factor of 140 and n.
70
Let l be 3/(-2)*2 - (-154 - -81). Calculate the highest common divisor of 896 and l.
14
Suppose 0 = -23*n + 78*n - 129470. What is the greatest common divisor of n and 22?
22
Suppose 45 = c + 2*u, c + 0*c - 3*u = 70. Let s be -297 - (-3 - 0)*5/(-15). Let i = s + 303. What is the greatest common factor of i and c?
5
Let o be (14/(-4))/((-20)/(-24) + -1). Let z = o + -17. Let p be 16/12*(-18)/(-12). Calculate the greatest common factor of p and z.
2
Suppose -1251*l - 379554 = -1272*l. What is the greatest common factor of l and 28?
14
Let n = 42 + -38. Let u be (-218)/2*n/(-4)*1. Suppose -2*l + 5*j + 295 = 0, 5*j - 136 - u = -2*l. What is the highest common divisor of 45 and l?
45
Let l be 1 + -34 + 0/1. Let t = -35 - l. Let o be 6 + t - 52/(-4). Calculate the greatest common factor of o and 136.
17
Let t(y) = y**3 + 4*y**2 - 27*y + 5. Let w be t(4). Calculate the highest common factor of w and 7775.
25
Let